4.
42
What is the greatest common factor of 7263 and 54?
27
What is the greatest common divisor of 7840 and 640?
160
Calculate the greatest common factor of 77 and 71302.
77
Calculate the highest common divisor of 3875 and 100.
25
Calculate the highest common factor of 720 and 288.
144
What is the highest common divisor of 3504 and 2847?
219
Calculate the greatest common divisor of 3599 and 354.
59
Calculate the highest common factor of 480 and 168.
24
Calculate the greatest common factor of 2727 and 101.
101
Calculate the highest common factor of 14818 and 248.
62
Calculate the highest common divisor of 104 and 286.
26
Calculate the highest common divisor of 41 and 9922.
41
What is the highest common factor of 832 and 91?
13
What is the greatest common divisor of 140 and 672?
28
What is the greatest common divisor of 679 and 56?
7
Calculate the greatest common factor of 808 and 22.
2
Calculate the greatest common divisor of 48 and 80.
16
Calculate the greatest common factor of 60 and 84.
12
Calculate the greatest common factor of 64 and 184.
8
Calculate the highest common divisor of 27 and 252.
9
Calculate the greatest common divisor of 1793 and 77.
11
Calculate the greatest common divisor of 39 and 351.
39
Calculate the highest common divisor of 1513 and 17.
17
What is the greatest common divisor of 182 and 1547?
91
Calculate the greatest common factor of 2494 and 516.
86
Calculate the greatest common divisor of 250 and 200.
50
Calculate the greatest common divisor of 696 and 8178.
174
What is the greatest common divisor of 270 and 27?
27
Calculate the highest common factor of 34 and 2278.
34
Calculate the highest common factor of 16 and 68.
4
Calculate the highest common factor of 135 and 189.
27
What is the greatest common divisor of 306 and 18?
18
What is the highest common factor of 284 and 26838?
142
What is the greatest common divisor of 341 and 22?
11
Calculate the greatest common divisor of 51187 and 17.
17
Calculate the greatest common factor of 1134 and 61614.
378
What is the greatest common divisor of 1953 and 279?
279
Calculate the highest common factor of 528 and 2013.
33
Calculate the greatest common factor of 414 and 27.
9
Calculate the greatest common divisor of 9 and 507.
3
What is the greatest common divisor of 395 and 316?
79
Calculate the greatest common divisor of 295 and 14337.
59
Calculate the greatest common divisor of 1424 and 445.
89
Calculate the highest common divisor of 284 and 8.
4
Calculate the greatest common divisor of 289 and 153.
17
Calculate the greatest common divisor of 8750 and 70.
70
Calculate the highest common factor of 94 and 16356.
94
Calculate the highest common factor of 192 and 102.
6
Calculate the greatest common divisor of 70731 and 29.
29
Calculate the greatest common factor of 567 and 14.
7
Calculate the greatest common factor of 143 and 728.
13
What is the greatest common divisor of 5 and 505?
5
What is the greatest common divisor of 204 and 136?
68
Calculate the highest common divisor of 576 and 774.
18
Calculate the greatest common factor of 122 and 1037.
61
Calculate the highest common factor of 596 and 16.
4
Calculate the greatest common factor of 21 and 301.
7
Calculate the greatest common factor of 1 and 131.
1
What is the greatest common divisor of 65 and 8515?
65
Calculate the greatest common divisor of 2625 and 21.
21
What is the highest common factor of 5790 and 60?
30
Calculate the highest common divisor of 7644 and 1872.
156
What is the greatest common factor of 333 and 481?
37
What is the highest common factor of 18 and 1773?
9
Calculate the highest common divisor of 12 and 4482.
6
What is the greatest common divisor of 3161 and 290?
29
Calculate the highest common divisor of 9 and 13707.
9
Calculate the greatest common divisor of 10293 and 73.
73
Calculate the highest common factor of 8181 and 404.
101
Calculate the highest common divisor of 945 and 4536.
189
Calculate the highest common factor of 114 and 171.
57
Calculate the greatest common factor of 24 and 600.
24
What is the highest common factor of 136 and 1751?
17
Calculate the greatest common factor of 3 and 4881.
3
What is the highest common factor of 774 and 54?
18
Calculate the highest common factor of 234 and 43641.
117
What is the highest common factor of 51 and 243?
3
What is the greatest common divisor of 236 and 177?
59
What is the greatest common factor of 132 and 36?
12
Calculate the greatest common divisor of 31848 and 24.
24
What is the greatest common factor of 26 and 1222?
26
What is the highest common divisor of 3753 and 27?
27
What is the greatest common factor of 84 and 364?
28
Calculate the highest common divisor of 174 and 261.
87
Calculate the highest common divisor of 77 and 1023.
11
Calculate the greatest common factor of 665 and 190.
95
What is the highest common factor of 10 and 95?
5
What is the highest common divisor of 1836 and 72?
36
What is the highest common divisor of 2 and 4078?
2
What is the highest common divisor of 72 and 528?
24
What is the highest common divisor of 3 and 113?
1
Calculate the highest common factor of 27 and 5310.
9
What is the highest common divisor of 27 and 63?
9
What is the greatest common factor of 618 and 9682?
206
Calculate the highest common factor of 315 and 189.
63
What is the highest common factor of 322 and 56?
14
Calculate the greatest common divisor of 3 and 1029.
3
What is the greatest common divisor of 68705 and 455?
455
Calculate the greatest common factor of 220 and 60.
20
What is the greatest common factor of 842 and 18?
2
Calculate the highest common factor of 56 and 3416.
56
What is the greatest common divisor of 75 and 3525?
75
What is the highest common divisor of 28 and 12908?
28
What is the highest common divisor of 2727 and 202?
101
Calculate the greatest common divisor of 12 and 348.
12
What is the highest common divisor of 1000 and 32?
8
Calculate the highest common factor of 32 and 74.
2
What is the highest common factor of 182 and 3406?
26
Calculate the highest common divisor of 39290 and 10.
10
Calculate the highest common factor of 198 and 36.
18
Calculate the greatest common factor of 68 and 36176.
68
What is the greatest common factor of 230 and 1196?
46
Calculate the highest common divisor of 2938 and 3842.
226
Calculate the greatest common divisor of 2 and 74.
2
What is the greatest common divisor of 64 and 104?
8
What is the highest common factor of 26064 and 9?
9
Calculate the greatest common divisor of 5397 and 42.
21
What is the highest common divisor of 2682 and 18?
18
Calculate the highest common factor of 10 and 430.
10
Calculate the highest common factor of 105 and 345.
15
Calculate the greatest common divisor of 4399 and 106.
53
Calculate the highest common divisor of 69 and 2139.
69
Calculate the greatest common factor of 25 and 50.
25
What is the highest common factor of 561 and 132?
33
Calculate the greatest common divisor of 4 and 5636.
4
What is the greatest common divisor of 248 and 8?
8
What is the highest common divisor of 5 and 415?
5
What is the greatest common factor of 16606 and 92?
46
What is the greatest common divisor of 81 and 90?
9
Calculate the greatest common divisor of 1972 and 272.
68
What is the highest common divisor of 36 and 2817?
9
Calculate the highest common divisor of 88 and 781.
11
Calculate the highest common divisor of 82 and 5166.
82
What is the highest common factor of 52 and 3133?
13
What is the highest common divisor of 323 and 51?
17
What is the highest common divisor of 7360 and 115?
115
Calculate the greatest common divisor of 284 and 8.
4
What is the greatest common factor of 185 and 3959?
37
What is the highest common factor of 7440 and 32?
16
What is the highest common factor of 1564 and 23851?
391
What is the highest common factor of 237 and 8927?
79
What is the greatest common factor of 69 and 4738?
23
What is the highest common divisor of 72 and 296?
8
Calculate the highest common divisor of 248 and 24.
8
What is the greatest common factor of 25 and 2725?
25
What is the greatest common factor of 24 and 19704?
24
Calculate the highest common divisor of 1554 and 210.
42
What is the highest common divisor of 54 and 9342?
54
What is the greatest common factor of 6 and 27?
3
What 